 remainder when v(-4) is divided by o.
11
Let o = 27 - -22. Suppose 5*s + 118 - o = 3*h, 46 = 2*h + s. Calculate the remainder when h is divided by 7.
2
Suppose k = -2*k + 3. Suppose -k + 11 = 2*i. What is the remainder when i is divided by 4?
1
Let l be (-6 + 9)*-16*2. Let p = l + 140. Calculate the remainder when p is divided by 15.
14
Calculate the remainder when (0 + -1400)/(-8) - -4 is divided by 26.
23
Suppose 3*z - 6*z - s + 10 = 0, 5*z - 4*s - 45 = 0. Suppose z*h - 12 + 87 = 0. Let j = 28 + h. Calculate the remainder when 51 is divided by j.
12
Let f(l) = -l**2 + 10*l - 18. Suppose 14 = 2*w - 0*w. Suppose -3 = -4*u + u. Calculate the remainder when f(w) is divided by u.
0
Suppose 4*v - 148 = -6*o, -2*o = -5*v + o + 143. Calculate the remainder when 139 is divided by v.
15
Let z(a) = 2*a**2 + 18*a + 6. Let p be z(-9). Let d(w) = 31*w + 5. Let x be d(5). Suppose -x = -p*c + c. Calculate the remainder when c is divided by 11.
10
Let x = -39 - -259. Suppose -3*q + 44 = -x. Calculate the remainder when q is divided by 19.
12
Let f(w) = 10*w**3 - w + 22*w**3 + 29*w**3 + w**2 - 7*w**3. Let q(c) = c**2 - 5*c - 5. Let h be q(6). Calculate the remainder when f(h) is divided by 14.
12
Suppose -3*k - 505 = -5*v + 5459, 2*v = 5*k + 2378. Calculate the remainder when v is divided by 52.
50
Suppose -5*o + m = -6*o + 224, -5*o + 1160 = -5*m. Calculate the remainder when o is divided by 33.
30
Let j = -40 - -87. Let w = -18 + j. Calculate the remainder when 111 is divided by w.
24
Let b(p) = 45*p**3 + p**2. Let a be b(-1). Let g = -27 - a. What is the remainder when 28 is divided by g?
11
Suppose -3*c - 5 = 2*c. Let y be (-2)/(8/(-500)) + c. Suppose 5*j - 68 - 50 = -k, -5*j + 2*k + y = 0. What is the remainder when j is divided by 9?
6
Let p be 4 - (-4 + 20/4). Let q be (-4)/p*(-402)/(-2). Calculate the remainder when (-8)/20 - q/20 is divided by 8.
5
Suppose -a + 8 = a, 0 = -2*s - 5*a + 900. What is the remainder when 35 is divided by (-4)/14 - s/(-70)?
5
Let z(q) = q**3 + 2*q**2 - 4*q + 2. Suppose 0 = 5*x - p - 349, -p + 142 = 146. Calculate the remainder when x is divided by z(3).
34
Let r(n) = n**2 - 9*n. Let i be r(10). Let j = i + -16. Calculate the remainder when 57 is divided by 7*2 - 6/j.
12
Let b = 5 - -1. Let c(s) = 5 + 3*s**2 + 0*s - 6*s + 7 - 5. Calculate the remainder when c(3) is divided by b.
4
Let g(a) = -a**3 - 40*a**2 + 43*a + 137. Calculate the remainder when 168 is divided by g(-41).
3
Suppose 50*q - 7663 = -29*q. Calculate the remainder when q is divided by 11.
9
Suppose -3*o = -7*o - 40. Let u(f) = -3*f - 8. Let q be u(o). Suppose 17 = m + 2*g, m - 3*g = -6*g + q. What is the remainder when 11 is divided by m?
4
Suppose 0 = -14*d + 10*d + 28. Suppose 4*o + 3 - d = 0. Calculate the remainder when (39/(-6) + o)*-4 is divided by 6.
4
Suppose 197*p - 1292 = 178*p. Calculate the remainder when 199 is divided by p.
63
Let p = 5 - 2. Suppose 0 = 10*q - 8*q + 2*r - 14, 2*r = -q + 6. Suppose -q*s + 175 = -p*s. What is the remainder when s is divided by 12?
11
Let n = 116 - 73. Let t = n + -17. What is the remainder when 100 is divided by t?
22
Let a(v) = -v**3 - 5*v**2 - 5*v - 3. Let q be a(-3). Let y(c) = c + 31. What is the remainder when y(10) is divided by (27 + q)*(-1 - -2)?
20
Suppose -4*r - 3*x + 72 = 0, -2*r = -3*r + 4*x + 37. Calculate the remainder when 83 is divided by r.
20
Let d(t) be the third derivative of -t**4/12 - 7*t**3/3 + 4*t**2. Let b be d(14). Let c = b - -168. Calculate the remainder when c is divided by 32.
30
Let f(g) be the first derivative of g**2 - 9*g - 5. Calculate the remainder when f(5) is divided by 1.
0
Let h(d) = -22*d - 24. Calculate the remainder when 125 is divided by h(-3).
41
Suppose 0 = -r - r + 4. Let f(u) = -u**3 - 17*u**2 + 4*u + 73. Let o be f(-17). Suppose -42 = r*q - o*q. Calculate the remainder when 55 is divided by q.
13
Suppose 5*p = -5*v + 400, -2*v + 110 = 3*p - 45. Suppose 0 = -3*x + 6 + 39. Calculate the remainder when v is divided by x.
10
Suppose -265 = -6*h + 173. Calculate the remainder when h is divided by 21.
10
What is the remainder when 147 is divided by 95/570 + (-59)/(-6)?
7
Calculate the remainder when -3*((-2560)/12)/10 is divided by 34.
30
Suppose 75*b - 14 = 73*b. What is the remainder when 88 is divided by b?
4
Suppose 25 + 822 = 11*q. What is the remainder when q is divided by 16?
13
Suppose -3*y + 5 = 4*m, -y + 2*y = -1. Suppose q - 4*z = 4, -m*q + 28 = 2*q - 4*z. Calculate the remainder when 28 is divided by q.
4
Suppose 0 = 3*l - 4 - 5, -2*l = 4*x - 250. Suppose k + 20 = -5*c, -k = -5*k + 2*c - 14. Calculate the remainder when x is divided by k/((-5)/4) - -17.
19
Let g = 180 + -151. Calculate the remainder when 167 is divided by g.
22
Suppose -w - t - 3*t + 119 = 0, -238 = -2*w - 5*t. Calculate the remainder when w is divided by 20.
19
Suppose 5*k + 0*k = 290. Let r = 65 - k. Calculate the remainder when r is divided by 5.
2
Suppose -959 + 127 = -4*i. Suppose 0*b - i = -2*b. Let f = b + -49. What is the remainder when f is divided by 19?
17
Suppose 0 = 3*h - 3, -2*x - h = -5*h. Suppose -4 = -x*p, -3*p = 2*a - 0*p - 10. Suppose 22 = a*v - 2. What is the remainder when 21 is divided by v?
9
Suppose 638*w = 619*w + 7372. Calculate the remainder when w is divided by 80.
68
Let m(v) = 3*v**2 - v + 1. Suppose -n + 3*b = 17, -5*b = -2*n + n - 27. What is the remainder when 42 is divided by m(n)?
12
Suppose 0 = 33*q - 28*q - 45. Let l(f) = -7*f + 81. What is the remainder when 33 is divided by l(q)?
15
Let x(l) = 2*l**3 - 24*l**2 + 8*l - 91. What is the remainder when 433 is divided by x(12)?
3
Suppose -4*j + 3*j + b = -13, 4*b = -4. Calculate the remainder when 33 is divided by j.
9
Suppose 0 = 5*j + 395 - 1375. Suppose 3*o = -19 + j. Let n = o - 32. Calculate the remainder when 78 is divided by n.
24
Let p(a) be the third derivative of -a**6/120 - a**5/6 + a**4/6 + 11*a**3/6 + 45*a**2. What is the remainder when p(-11) is divided by 28?
4
Let i be 2/(-3) + 296/(-6). Let j = i + 111. What is the remainder when j is divided by 5202/324 - (22/72 + 3/(-12))?
13
What is the remainder when 467 is divided by 7 + 98/8 + 2/(-8)?
11
Let b(o) = o**2 - 7*o - 31. Let v be b(13). Suppose -6*y - v = -215. Calculate the remainder when 79 is divided by y.
23
Suppose -3*p + 18 = z, 5*p - 6 = -z + 8*p. What is the remainder when (-124)/(-4) + 1*2 is divided by z?
9
Let z(v) = -3*v + 1. What is the remainder when z(-9) is divided by (-11)/(-33) + (-29)/(-3)?
8
Let k be 186/42 + 9/(-21). What is the remainder when 16/k - (-88 + 1) is divided by 23?
22
Suppose 0 = 144*j - 150*j + 1194. Calculate the remainder when j is divided by 13.
4
Calculate the remainder when ((-30)/21)/((-7)/245) is divided by 21.
8
Suppose -9*b = -33 - 3. What is the remainder when 28 is divided by b?
0
Let d = -82 - -86. Let l(n) = -6*n**3 + 2*n**2 + 9*n - 5. Let u(x) = -x**3 + x - 1. Let w(j) = -l(j) + 5*u(j). What is the remainder when 62 is divided by w(d)?
14
Calculate the remainder when 80 is divided by (4 + -7)/(2 + 98/(-46)).
11
Let o = -35 + 10. Calculate the remainder when 84 is divided by 29 + 5/o*0.
26
Let s(q) = q**2 + 17*q - 72. Calculate the remainder when s(-25) is divided by 26.
24
Suppose -27 = -4*j - 3*m, 2*j + m - 11 = 4. Let d = j + -23. Let w = 77 + d. What is the remainder when w is divided by 16?
15
Suppose 52*z - 399 = 14005. What is the remainder when z is divided by 24?
13
Suppose 5*l - 3*l - 17 = -z, 0 = 2*l + 5*z - 13. Calculate the remainder when -2 + 44 + 4/4 is divided by l.
7
Suppose -i = -3*r - 9 - 61, -5*r = -5. Suppose -2*j - 26 = -3*b - 0*b, i = 4*b + 5*j. Let u = b - -1. Calculate the remainder when 37 is divided by u.
11
Suppose -4*z - 2*x = -18, -11 = -3*z - 3*x + 4*x. Suppose -4*w + j + 115 = 0, 2*w + 2*j = z*w - 50. What is the remainder when 149 is divided by w?
29
Suppose 0 = -2*i + 4*c + 94, i = -5*c - 4 + 16. Let g = 3 + -1. Calculate the remainder when i is divided by (13/g)/(2/4).
11
Suppose 38*i = 40*i - 2206. What is the remainder when i is divided by 6?
5
Suppose 0 = 4*o - 6*o + 250. Suppose 2*j + o = 3*f - 5, 5*f = -4*j + 246. Calculate the remainder when f is divided by 12.
10
Suppose -o - 4*j + 27 = 0, -5*o - 3*j + 20 + 81 = 0. What is the remainder when 1139 is